what is -180885068 - 2?
-180885071
In base 14, what is -d858 - 11b?
-d975
In base 8, what is -117310122 + 1?
-117310121
In base 3, what is 12021211 + 10112012100?
10201111011
In base 13, what is -918c80 + 1?
-918c7c
In base 14, what is -35 - -8ccd?
8c98
In base 4, what is -1022000 - -2033203?
1011203
In base 7, what is -246 - 613046?
-613325
In base 3, what is 10220221102011020 - 2?
10220221102011011
In base 2, what is 110110010110001 + 10011000001?
111000101110010
In base 13, what is -126c71a - -3?
-126c717
In base 2, what is 1010010101100110010110 - 10001?
1010010101100110000101
In base 3, what is -11022000 - -10112?
-11011111
In base 15, what is ce - -b7031?
b7110
In base 5, what is -4 + -121240310?
-121240314
In base 15, what is c + -637a1c?
-637a10
In base 5, what is -3 - -34144442?
34144434
In base 4, what is -221001 + -123303?
-1010310
In base 9, what is -7 - -17784343?
17784335
In base 14, what is -1a552a5 - 1?
-1a552a6
In base 3, what is -102 - -202212121011?
202212120202
In base 5, what is 10 - -3013332234?
3013332244
In base 10, what is 107048494 - 1?
107048493
In base 16, what is -5 + 40ac6?
40ac1
In base 7, what is -1141 - 11655?
-13126
In base 8, what is -2640 + 270152?
265312
In base 10, what is 370387 - 45?
370342
In base 2, what is 10101110000001 - 11000010?
10101010111111
In base 16, what is -40 - -12107?
120c7
In base 5, what is 40 - -2134340?
2134430
In base 8, what is -32 + -635413?
-635445
In base 6, what is 4540444 + 13?
4540501
In base 13, what is -11c800 - -12?
-11c7bb
In base 7, what is -34044 - -50302?
13225
In base 5, what is 400400023 + 213?
400400241
In base 12, what is -4b - 7ab828?
-7ab877
In base 10, what is -25 - -54213?
54188
In base 6, what is -1454134 - 5142?
-1503320
In base 6, what is -1322042532 - -40?
-1322042452
In base 8, what is -1 - 454445263?
-454445264
In base 4, what is -211 - -1013201231?
1013201020
In base 11, what is 3a9 + 280975?
281273
In base 2, what is 110010110100110001011101 - -10010?
110010110100110001101111
In base 3, what is 2101 + 210220110100?
210220112201
In base 14, what is d065 + -46a?
c9d9
In base 7, what is -1 - 64453110?
-64453111
In base 6, what is 32234451 + -2?
32234445
In base 8, what is 307 + -200112?
-177603
In base 16, what is -3 + -656467b?
-656467e
In base 16, what is 29b9 + -2d44?
-38b
In base 12, what is -8b0a + -954?
-9862
In base 10, what is 1 + 2198101?
2198102
In base 15, what is 478b7 + 8?
478c0
In base 15, what is 4 - 468c34?
-468c30
In base 6, what is -13103225 - 105?
-13103334
In base 2, what is -111 - 11000010001001100100100?
-11000010001001100101011
In base 16, what is -8a7d - -33?
-8a4a
In base 14, what is 3274a76 + -3?
3274a73
In base 15, what is 1573e1 - -132?
157523
In base 3, what is 11212001122210 - -120?
11212001200100
In base 10, what is -422 + -2745?
-3167
In base 10, what is -4 + -828477?
-828481
In base 12, what is -31063140 - -1?
-3106313b
In base 13, what is 10c - -c4935?
c4a44
In base 4, what is -3 - -232122302?
232122233
In base 12, what is -3 - -5982b59?
5982b56
In base 15, what is -5070d90d + -1?
-5070d90e
In base 11, what is 941771 - 5a?
941712
In base 2, what is 11001001000101100 - 111?
11001001000100101
In base 6, what is 12203412103 + -1?
12203412102
In base 7, what is 101 - -46015?
46116
In base 5, what is -1441 + 140212?
133221
In base 7, what is -30 - -60230164?
60230134
In base 4, what is -1 + 112133330?
112133323
In base 9, what is 45 + -148830?
-148774
In base 10, what is 57723 - -394?
58117
In base 14, what is -1dd2a4 + 17a?
-1dd128
In base 8, what is -31674553 + -4?
-31674557
In base 15, what is 81624b8 + 8?
81624c1
In base 8, what is 14 - -2562144?
2562160
In base 15, what is c + -33e801?
-33e7e4
In base 13, what is -2 + 17a33122?
17a33120
In base 12, what is -46 - -634345?
6342bb
In base 16, what is 28e - -3da1?
402f
In base 8, what is -24756 - -1017?
-23737
In base 11, what is 7030664 - -1?
7030665
In base 10, what is -30 - 439446?
-439476
In base 3, what is 202 - 1000201011211?
-1000201011002
In base 12, what is 2b175 + -32b1?
27a84
In base 5, what is -14021 + -10231224?
-10300300
In base 11, what is -2 - -365724?
365722
In base 8, what is -730 - -171543?
170613
In base 8, what is -230 + 73460?
73230
In base 7, what is 2044260405 + 1?
2044260406
In base 7, what is 1130444 - -3353?
1134130
In base 6, what is 11240551 - 235?
11240312
In base 5, what is -33101112043 - -2?
-33101112041
In base 2, what is 110010000101110001100001 + -101?
110010000101110001011100
In base 11, what is 312 + 135836?
136048
In base 14, what is 4bb - -ab20?
b1db
In base 13, what is a - c469?
-c45c
In base 7, what is 11554 + 65055?
106642
In base 6, what is -125 + 3311311?
3311142
In base 11, what is 12a7427 - -2?
12a7429
In base 14, what is -a5 - 2ddc96?
-2ddd5b
In base 15, what is 33 + -23d11c?
-23d0d9
In base 6, what is 1040115021 + -3?
1040115014
In base 13, what is -5 + 36342b5?
36342b0
In base 7, what is 351035 - -153?
351221
In base 16, what is 1237dd3 - -1?
1237dd4
In base 3, what is -1220111201122210 - 2?
-1220111201122212
In base 8, what is 205740 + -2156?
203562
In base 5, what is -414420 + -122023?
-1041443
In base 3, what is 222 + -210100020011?
-210100012012
In base 11, what is -11 - -237658a?
2376579
In base 10, what is -4 + -30921055?
-30921059
In base 15, what is a + -4ed159?
-4ed14e
In base 7, what is -21626 + -3346?
-25305
In base 3, what is -22102012 - 222100?
-100101112
In base 3, what is -200 + -1021221212122?
-1021221220022
In base 13, what is -342 + 601?
28c
In base 12, what is -2 + 22ab70?
22ab6a
In base 16, what is 30865 + 0?
30865
In base 14, what is -854 - 77412?
-77c66
In base 5, what is -133321 - -432320?
243444
In base 8, what is -44520 + -4?
-44524
In base 14, what is 232d - -7b51?
a080
In base 8, what is -107531 - -236?
-107273
In base 16, what is -81 - 18e75a?
-18e7db
In base 14, what is c9311 - 8b?
c9264
In base 14, what is -2 + -9a5a04?
-9a5a06
In base 16, what is 78f8e6 + 13?
78f8f9
In base 8, what is 6051637 - 4?
6051633
In base 12, what is 21b1 - 2436b?
-2217a
In base 6, what is 1154330 + -132514?
1021412
In base 13, what is -3 + c33aa8?
c33aa5
In base 3, what is 2000012 - 11201202?
-2201120
In base 4, what is 2022 + -223033130?
-223031102
In base 16, what is -129f55b - -e?
-129f54d
In base 7, what is -2351605526 + -4?
-2351605533
In base 4, what is 12330202201130 - -22?
12330202201212
In base 16, what is 299 + -14afe?
-14865
In base 10, what is 223794 - -241?
224035
In base 14, what is -4249d5 - -2d2?
-424703
In base 8, what is -216527 + -1077?
-217626
In base 8, what is 14765 - 4570?
10175
In base 11, what is -9 - -1256924?
1256916
In base 9, what is 111406 + -63?
111333
In base 11, what is 76 - 567248?
-567182
In base 5, what is -10030323 + 41?
-10030232
In base 11, what is 31a1 + 726?
3917
In base 4, what is -220 + 1312100?
1311220
In base 15, what is 69 + 493b0?
49429
In base 15, what is 3c - 21?
1b
In base 16, what is -1 - 1ec91d7?
-1ec91d8
In base 14, what is -24a0c - -470b?
-20301
In base 12, what is 86 - 423?
-359
In base 7, what is -41601125 - -165?
-41600630
In base 16, what is 5 + -80f8f85?
-80f8f80
In base 3, what is -2021210122011202212 - 10?
-2021210122011202222
In base 16, what is 8 - -1b49bdc?
1b49be4
In base 5, what is 11414 - -1100134?
1112103
In base 13, what is -46573 - 55?
-465c8
In base 11, what is 1164 - -2078?
3231
In base 5, what is 23043413 - -4?
23043422
In base 8, what is 24073270 - 12?
24073256
In base 11, what is 5aa77 - 61?
5aa16
In base 9, what is 453 + 15732?
16285
In base 3, what is -1102 - 2211002112?
-2211010221
In base 15, what is 3186 - a68?
261d
In base 6, what is -14242113041 + -5?
-14242113050
In base 5, what is -1122431 - -1022104?
-100322
In base 4, what is 1 + -1331312132320?
-1331312132313
In base 10, what is -5 - -1869858?
1869853
In base 12, what is -30762 + 8?
-30756
In base 4, what is -10 - -310303031?
310303021
In base 3, what is 12101021110221222 + -2?
12101021110221220
In base 16, what is e7d7 + -46?
e791
In base 5, what is -100231 - -11410?
-33321
In base 16, what is -804feb - 5?
-804ff0
In base 8, what is 2714767 + -41?
2714726
In base 16, what is 8c + f85f?
f8eb
In base 8, what is 1051723 - -63?
1052006
In base 9, what is -2203015223 - -1?
-2203015222
In